30
What is the highest common divisor of 2646 and 980?
98
What is the greatest common factor of 39 and 429?
39
What is the greatest common factor of 23 and 3611?
23
What is the highest common divisor of 132 and 473?
11
Calculate the greatest common factor of 903 and 36421.
301
What is the greatest common divisor of 18 and 14?
2
Calculate the highest common factor of 50 and 7650.
50
What is the highest common factor of 16734 and 6?
6
Calculate the highest common divisor of 435 and 1965.
15
Calculate the greatest common factor of 6 and 5226.
6
What is the highest common factor of 69 and 46?
23
Calculate the greatest common factor of 2992 and 3520.
176
Calculate the highest common divisor of 564 and 12.
12
Calculate the highest common factor of 187 and 495.
11
Calculate the highest common factor of 45 and 153.
9
What is the greatest common divisor of 11 and 253?
11
Calculate the greatest common divisor of 8475 and 226.
113
What is the greatest common divisor of 18 and 477?
9
What is the highest common factor of 646 and 304?
38
Calculate the highest common divisor of 34 and 11237.
17
Calculate the highest common divisor of 600 and 24.
24
What is the greatest common factor of 4428 and 2706?
246
What is the highest common factor of 8 and 1592?
8
What is the highest common divisor of 32 and 7776?
32
Calculate the greatest common divisor of 1000 and 8.
8
What is the greatest common factor of 286 and 39?
13
What is the highest common divisor of 54 and 192?
6
What is the highest common divisor of 335 and 5762?
67
Calculate the highest common divisor of 16 and 1616.
16
What is the greatest common divisor of 11 and 2497?
11
What is the highest common factor of 18228 and 784?
196
What is the greatest common factor of 4 and 768?
4
Calculate the highest common divisor of 940 and 20.
20
What is the highest common divisor of 981 and 436?
109
What is the greatest common factor of 595 and 1615?
85
Calculate the highest common factor of 45 and 5193.
9
Calculate the highest common factor of 29 and 29609.
29
Calculate the greatest common divisor of 732 and 372.
12
What is the highest common divisor of 50 and 85?
5
What is the highest common divisor of 12 and 360?
12
What is the greatest common divisor of 78 and 52?
26
What is the greatest common divisor of 12 and 66?
6
Calculate the highest common factor of 9 and 15165.
9
Calculate the highest common factor of 1551 and 33.
33
What is the highest common divisor of 41 and 4141?
41
Calculate the greatest common divisor of 30 and 45.
15
Calculate the highest common factor of 243 and 162.
81
Calculate the highest common divisor of 3108 and 672.
84
Calculate the greatest common divisor of 7 and 175.
7
What is the greatest common factor of 228 and 132?
12
Calculate the highest common factor of 35 and 6895.
35
Calculate the highest common divisor of 6345 and 135.
135
What is the greatest common divisor of 810 and 7371?
81
What is the greatest common divisor of 448 and 14?
14
Calculate the highest common divisor of 14 and 77.
7
Calculate the highest common divisor of 21 and 651.
21
What is the greatest common factor of 10 and 160?
10
Calculate the highest common factor of 35 and 7.
7
Calculate the greatest common factor of 28 and 100.
4
Calculate the greatest common factor of 201 and 12.
3
Calculate the highest common factor of 140 and 644.
28
What is the greatest common factor of 11 and 15367?
11
What is the greatest common factor of 132 and 66?
66
What is the highest common factor of 11 and 2200?
11
Calculate the greatest common factor of 2 and 94.
2
Calculate the highest common factor of 34486 and 86.
86
Calculate the highest common divisor of 240 and 7152.
48
What is the greatest common factor of 784 and 4214?
98
Calculate the greatest common divisor of 67 and 1742.
67
What is the greatest common factor of 1079 and 117?
13
What is the greatest common factor of 1 and 37?
1
Calculate the highest common divisor of 731 and 172.
43
Calculate the highest common factor of 240 and 1608.
24
What is the highest common factor of 851 and 184?
23
What is the greatest common divisor of 180 and 660?
60
Calculate the greatest common factor of 26 and 14339.
13
What is the highest common factor of 784 and 224?
112
What is the greatest common factor of 913 and 11?
11
Calculate the greatest common divisor of 22 and 143.
11
Calculate the highest common factor of 1386 and 1617.
231
What is the highest common factor of 276 and 56?
4
Calculate the highest common factor of 164 and 9061.
41
Calculate the highest common factor of 70 and 154.
14
What is the highest common factor of 25 and 125?
25
Calculate the greatest common factor of 235 and 270.
5
Calculate the greatest common divisor of 39 and 1443.
39
What is the highest common factor of 16 and 1328?
16
What is the highest common factor of 21 and 5740?
7
What is the highest common factor of 55 and 352?
11
What is the highest common factor of 320 and 224?
32
Calculate the highest common factor of 338 and 2197.
169
What is the highest common divisor of 22 and 8635?
11
What is the highest common factor of 32 and 88?
8
What is the greatest common divisor of 74 and 10434?
74
What is the greatest common divisor of 861 and 1968?
123
What is the greatest common divisor of 240 and 60?
60
Calculate the greatest common factor of 3178 and 1135.
227
Calculate the greatest common divisor of 1120 and 252.
28
What is the highest common divisor of 939 and 6?
3
Calculate the highest common divisor of 539 and 341.
11
What is the greatest common factor of 65 and 234?
13
Calculate the greatest common divisor of 28 and 100.
4
What is the greatest common factor of 65 and 175?
5
Calculate the greatest common factor of 1853 and 136.
17
What is the greatest common factor of 6039 and 165?
33
What is the highest common divisor of 178 and 12?
2
What is the greatest common factor of 57252 and 156?
156
What is the highest common divisor of 4509 and 729?
27
Calculate the highest common factor of 170 and 7460.
10
What is the greatest common divisor of 33 and 660?
33
Calculate the greatest common divisor of 57 and 95.
19
What is the greatest common factor of 32 and 4000?
32
Calculate the greatest common divisor of 8829 and 54.
27
What is the highest common factor of 1312 and 164?
164
What is the highest common divisor of 910 and 35?
35
Calculate the highest common divisor of 1040 and 65.
65
What is the highest common factor of 81 and 7452?
81
What is the greatest common divisor of 848 and 53?
53
Calculate the highest common divisor of 2 and 34.
2
Calculate the greatest common factor of 912 and 171.
57
What is the greatest common divisor of 244 and 1037?
61
Calculate the greatest common divisor of 8 and 49.
1
Calculate the highest common divisor of 650 and 50.
50
Calculate the highest common factor of 45 and 1795.
5
What is the greatest common factor of 35 and 315?
35
What is the highest common factor of 54 and 74?
2
What is the highest common factor of 8232 and 42?
42
What is the greatest common factor of 8 and 41512?
8
Calculate the highest common divisor of 161 and 85169.
161
Calculate the highest common divisor of 85 and 205.
5
What is the greatest common factor of 1749 and 33?
33
Calculate the highest common divisor of 8958 and 12.
6
What is the highest common divisor of 60 and 20?
20
Calculate the highest common factor of 125 and 475.
25
Calculate the greatest common divisor of 8 and 2232.
8
What is the highest common factor of 30 and 186?
6
Calculate the greatest common divisor of 539 and 77.
77
What is the highest common divisor of 90 and 40?
10
What is the highest common factor of 147 and 14?
7
Calculate the greatest common factor of 8 and 81256.
8
What is the greatest common factor of 120 and 192?
24
Calculate the highest common divisor of 2183 and 703.
37
Calculate the highest common factor of 84 and 1232.
28
What is the greatest common divisor of 228 and 10792?
76
Calculate the greatest common factor of 747 and 9.
9
Calculate the greatest common divisor of 76 and 2793.
19
Calculate the highest common divisor of 252 and 132.
12
What is the highest common divisor of 195 and 507?
39
Calculate the highest common factor of 15 and 15.
15
Calculate the greatest common divisor of 80 and 9680.
80
What is the greatest c